 be w(5). Let z(c) = c - 9. Let t be z(u). Let p be (t/3)/((-1)/(-6)). Let h(i) = -i**2 - 5*i - 1. Give h(p).
3
Let z be 4 - (2 + 2) - -7. Let m(t) = -t**3 + 8*t**2 - 9*t + 6. Calculate m(z).
-8
Let w(a) = a - 6. Let g(o) be the third derivative of o**4/24 - 7*o**3/6 - 2*o**2. Let y(r) = 5*g(r) - 6*w(r). Determine y(0).
1
Suppose -4*r + o = 25, r - 3*o - o + 25 = 0. Let t(j) be the first derivative of j**4/4 + 2*j**3 + 3*j**2 - j + 1. Give t(r).
-6
Let o(i) be the first derivative of i**3/3 + 4*i**2 - 6*i - 7. Determine o(-10).
14
Let j(s) = -2 + 0 - s - 4. Let o = -11 + 6. Give j(o).
-1
Let i(j) be the third derivative of -7*j**5/60 + j**4/12 - j**3/6 + 2*j**2. Suppose -5*t + 10*t = 25. Let v be (2/6)/(t/15). Give i(v).
-6
Let c(q) be the second derivative of q**3/2 + q**2 + q. Let t be (-8)/(-48)*-9 + 2/(-4). Determine c(t).
-4
Let m(u) = u**2 + 5*u + 5. Let c be m(-5). Let l(y) = -y + 3. Determine l(c).
-2
Let p(k) = k**3 - 4*k**2 - k + 4. Let r(t) = 5*t**3 - 1 + 38*t**2 - 38*t**2. Let a = -1 + 2. Let z be r(a). Give p(z).
0
Let w(q) be the second derivative of 0*q**3 + 1/720*q**6 + 1/12*q**4 + 3*q + 0 + 0*q**5 + 0*q**2. Let g(c) be the third derivative of w(c). Determine g(-1).
-1
Let t(v) = -12*v**2 + 4*v**2 + 6*v**2 + 4*v**3 + 1. Determine t(-1).
-5
Let f(l) = 5 - l - 1 + 3 - 2*l. Determine f(-5).
22
Let s(c) = -7*c**2 - c - 2. Let x(h) = 6*h**2 + 2. Let q(y) = -5*s(y) - 6*x(y). Let b be q(3). Let g(p) = -3*p**3 - 1 - 3*p**2 + 4*p**3 + 4 - 6*p. Give g(b).
-5
Suppose 3*j + 1 = 4*j. Let x(h) be the first derivative of -3 + 0*h - 1/2*h**2. What is x(j)?
-1
Let q be (0 - 2 - -2)/2. Suppose 5*z - 15 = -q*z. Let j(b) = -3*b - 2*b**2 - b**3 - z - 1 + 8*b**2. What is j(5)?
6
Let h(b) be the third derivative of b**4/24 + 3*b**2. What is h(-9)?
-9
Let o(t) = -t**3 + t**2 - 5. Suppose -2*f = -4*j - 12, 0*j = -4*f - 2*j + 4. Suppose b = -f*b. Determine o(b).
-5
Let j(h) = h**2 + 5*h - 3. Let w(i) = i**2 - 6*i + 4. Let z be w(4). What is j(z)?
-7
Let c(i) = i**2 + 6*i - 1. Suppose 0 = -h - 33 + 28. Determine c(h).
-6
Let l(j) be the second derivative of 1/3*j**3 + j + 0 + 1/2*j**2 + 0*j**4 - 1/20*j**5. Give l(2).
-3
Suppose 0 = -5*l + 4*l + 5. Let g(b) = -3*b**3 - 2*b**2 + 12*b + 2. Let d(p) = p**3 + p**2 - 4*p - 1. Let n(h) = 17*d(h) + 6*g(h). Determine n(l).
15
Let p(y) = 9*y**2 - 12*y + 5. Let g(h) = -8*h**2 + 11*h - 5. Let t(j) = -7*g(j) - 6*p(j). What is t(4)?
17
Let n be 4*(13/(-4) - -2). Let s(z) = 6*z**2 + z**3 - 5 - 1 + 5*z + 2. Give s(n).
-4
Let h(d) = -2*d + 1. Let p(u) = 9*u - 19. Let a(b) = -4*h(b) - p(b). Let t = 1 - 1. Calculate a(t).
15
Suppose 8*t - 5*t = 5*c + 10, -12 = 3*c - 3*t. Let m(r) = -14*r**3 - r + 2*r**3 + r**2 + 1 - r. Give m(c).
-12
Let f(x) = x**3 + 3*x**2 + 3*x. Let o be f(-2). Let q(g) be the first derivative of g**2 - 2*g + 5. Give q(o).
-6
Let k(f) be the second derivative of -f**4/12 + 7*f**3/6 - f**2/2 + 5*f. Give k(7).
-1
Let r(x) be the second derivative of 0 + 11/2*x**2 - 1/6*x**3 + x. Let g(l) = -2*l**3 + l**2 + l + 5. Let n be g(0). Calculate r(n).
6
Let s(c) = 2*c**3 + 3*c**2 + 3*c + 2. Suppose -4*f - 2 = -3*f. Determine s(f).
-8
Let d be (-4)/6 + (-78)/(-9). Let n(r) = -r + 4. Give n(d).
-4
Let o(v) = -v + 13. Let h(m) = -m**2 + 2*m + 3. Let f be (3/(-3))/(4/(-12)). Let c be h(f). Calculate o(c).
13
Let k(f) = -63 + 4*f**2 + 79 + f**3 + 11*f - 17*f**2. Determine k(12).
4
Let k(j) = -2*j - 2. Let d = -22 + 6. Let x be d/12*9/6. What is k(x)?
2
Let g(r) = -10*r**2 + 1 - r**3 + 11 - 17 + r**2 - 6*r. Calculate g(-8).
-21
Let s(y) = 4*y**2 + 2*y - 1. Let k(w) = -4*w - 1 - 2*w - 5 + w**2. Let n be k(7). Suppose 0 = -2*j + 1 + n. Determine s(j).
5
Let x(i) = i**2 - 2*i - 4. Let f = 1 + 2. Suppose -10 - 2 = -f*g. Determine x(g).
4
Let m(y) = -7*y + 5 + 3 + 6*y. Suppose 0 = -i + 6 - 0. Determine m(i).
2
Let g = 10 - 14. Let w = -7 - g. Let v(y) be the second derivative of y**5/20 + y**4/3 + y**3/2 + y**2 - 39*y. Calculate v(w).
2
Let n(g) = 6*g**3 - 4*g**2 - 4*g - 1. Suppose 0 = 3*q + 21 - 6. Let y(l) = -6*l**3 + 3*l**2 + 3*l + 1. Let s(b) = q*y(b) - 4*n(b). Give s(1).
7
Let k be (-1 - 2)/(0 + 1). Let d = 0 - -5. Let x(l) = -2*l - 4 + l + 0 + d. What is x(k)?
4
Let k(j) = j**2 - 7*j + 8. Let q be k(6). Let d(l) = -1 + 3 + 0*l + l**q - 4*l. Suppose 3*r - 3 = 4*p - 10, 0 = 2*r - 6. What is d(p)?
2
Let u(z) = 7*z + 7. Let b(g) = -20*g - 20. Let a(q) = -20*q - 20. Let v(s) = 2*a(s) - 3*b(s). Let n(d) = -17*u(d) + 6*v(d). What is n(-1)?
0
Let y(b) = b**2 - 2*b + 1. Suppose x - 14 = -13. Calculate y(x).
0
Let n(u) = -u**2 + 6*u. Suppose 0 = 2*o - 4*o + 10. Give n(o).
5
Let q(g) = 7*g. Let x(j) = 15*j. Let f(k) = 9*q(k) - 4*x(k). Let z = 77 + -75. Determine f(z).
6
Let m be 9/2 + 9/(-18). Suppose 3*t = 2*t. Let f(l) = t*l**2 + 0*l**2 - 4 - l**2 + 4*l. Determine f(m).
-4
Let v(c) = -2*c + 11. Suppose -2*m + 2 = 3*z + 1, 5*z + 5 = -2*m. Let i(r) = r - 4. Let j(y) = z*v(y) - 8*i(y). Determine j(-3).
5
Let t(q) be the third derivative of q**5/30 - q**4/8 - 6*q**2. What is t(3)?
9
Let b(u) be the third derivative of 0*u + 0 - 1/12*u**4 + 0*u**3 - u**2. Let q be (-21 + 23)/(2/2). Determine b(q).
-4
Suppose 0*m + 4*m = 4. Let d(t) = -3*t**2 + t. Give d(m).
-2
Suppose 3*n - 4*n = 0. Let i(s) = -s**3 - s**2 + s + 2. Let b be i(0). Let r(k) = 0*k**3 - 2*k**b + n*k**3 - 2*k**3 + 2. Calculate r(-2).
10
Let p(b) = 3*b**2 + 2*b + 1. Suppose 0 = 3*f + 4*q + 81, 0*f - 2*f - 61 = 5*q. Let w = f - -22. Give p(w).
2
Let i(z) = -4*z**3 + 2*z**2 - 2*z + 1. Suppose -w + 5*w - 8 = 0. Suppose -3*q - 8 = r, w*r = -3*q - 0 - 10. Let c = q + 3. What is i(c)?
-3
Let b = -69 + 76. Let x(i) = -i + 9. Determine x(b).
2
Let z(p) = -p**3 - 8*p**2 - 8*p - 9. Suppose -3*n = -4*a - 31, -5*a - n - 25 = 9. Determine z(a).
-2
Let q(y) = -y**3 - 6*y**2 - 4*y + 6. Let x(w) = -3*w + 10. Let z be x(5). Determine q(z).
1
Let r(m) be the second derivative of -1/3*m**3 + 0*m**4 + 0 - m + 1/120*m**5 + 0*m**2. Let x(s) be the second derivative of r(s). What is x(2)?
2
Let t(b) = 33*b**3 - 13*b**2 - 2*b + 13. Let a(n) = -16*n**3 + 6*n**2 + n - 6. Let s(f) = -13*a(f) - 6*t(f). What is s(1)?
9
Let t(g) = -g**3 + 5*g**2 - 2*g - 1. Let j = 5 - 8. Let y(c) = -c**3 + 4*c**2 + 5. Let z be y(4). Let l = j + z. Determine t(l).
7
Let v = -6 + 14. Let d = -12 + v. Let g(h) = h + 5. What is g(d)?
1
Let j(h) = -4*h**3 - 9*h**2 + 4*h + 1. Let f(w) = 3*w**3 + 8*w**2 - 3*w. Let d(r) = -5*f(r) - 4*j(r). Give d(4).
-8
Let t(q) be the second derivative of -q**3/6 - 2*q**2 - q. Let m = 12 + -6. Calculate t(m).
-10
Let l(v) be the third derivative of -v**6/120 + v**5/15 - v**4/8 - v**3/3 - 8*v**2. Give l(3).
-2
Let f(b) = 3 - 4 + 1 + 1. Let n(y) = -3*y - 8. Let x(s) = -3*f(s) - n(s). What is x(-4)?
-7
Let v(t) = t + 4. Let h(a) = 7*a**2 + 15*a + 3. Let u(c) = 10*c**2 + 22*c + 5. Let i(l) = 7*h(l) - 5*u(l). Let y be i(-5). What is v(y)?
0
Let x(h) = 2*h**2 + h. Suppose 3*d = -3*f - 6, 4*f + 3*d = -2*d - 8. Give x(f).
6
Let u be -2*1 + (0 - -3). Let v = 11 - 9. Let s(z) = -2*z**v + z**2 + 3*z**2. Give s(u).
2
Let l(u) = 3*u**2 + u + 1. Suppose -2*c + 4*c + 2 = 0. What is l(c)?
3
Let i = -22 + 31. Let o(k) = k - 12. Let d be o(i). Let u(y) = -y**2 - 7*y - 3. Give u(d).
9
Suppose -3*f - 4*g - 18 = g, -g = -f - 6. Let i be (4/16)/(f/(-24)). Let w(s) be the second derivative of -7*s**5/20 - s**4/12 + s**3/6 + s. Determine w(i).
-7
Suppose -7*l + 8 = -11*l. Let f be l + ((-18)/3)/(-2). Let u(p) = -p**3 - 2*p**2 + 1. Determine u(f).
-2
Let y(l) = -3*l + 3*l**2 + 4 - 4*l**2 - 3. Let w be 0 - (-7 - -3)/2. Determine y(w).
-9
Let x(g) = 7*g**3 - g**2 + g + 1. Let k(d) = -d**2 + 10*d - 11. Let h be k(8). Suppose 5*q + h = -0. Let o be 2 - (q - 2)*-1. Determine x(o).
-8
Suppose 1 = a - 0*a. Let m be a/(-2)*-6*1. Let b(o) = -4*o - 2 + 3 - m*o. Calculate b(1).
-6
Let i(g) be the third derivative of g**4/8 - g**3/6 - 23*g**2. Determine i(-1).
-4
Let s = -1 + 17. Let n(x) = 7*x**2 + s*x - 16*x. Determine n(1).
7
Let x be -2 + (0 - 2 - -10). Let s(p) = p**3 - 6*p**2 - 3*p + 3. Calculate s(x).
-15
Let o = 4 + -3. Let y(m) be the third derivative of -11*m**6/120 - m**3/6 + 45*m**2. Determine y(o).
-12
Let d be 3/2 - (-3)/(-6). Suppose -3*p + 3*u = 9, u + 2 - d = 5*p. Let l(v) = 2*v - 1. Give l(p).
1
Let z(b)